t is 101110011 + -1111110111?
-1010000100
In base 11, what is 14092 + -843?
1334a
In base 2, what is -101 - -111010101010010011001?
111010101010010010100
In base 14, what is a4c19ab - -3?
a4c19b0
In base 13, what is -9846775 - 5?
-984677a
In base 11, what is -232 + -11a92?
-12214
In base 16, what is -e0a59 - -20?
-e0a39
In base 4, what is -213222 - -30333000?
30113112
In base 2, what is -10001001111110 - 1010000011?
-10010100000001
In base 12, what is 7140b + -64?
71367
In base 16, what is -5359 - -101?
-5258
In base 10, what is 3 - -54867?
54870
In base 11, what is -828a640 - -4?
-828a637
In base 16, what is -529e29 - -16?
-529e13
In base 14, what is 2014b7 - -10?
2014c7
In base 16, what is 6c53d2 + 29?
6c53fb
In base 3, what is 100210022221 + -21222?
100210000222
In base 16, what is -c3 - d47f0?
-d48b3
In base 3, what is 10111 - 111221120?
-111211002
In base 12, what is 2a64912 + 2?
2a64914
In base 13, what is 1a7191 + b?
1a719c
In base 12, what is 718270 - -2?
718272
In base 4, what is -3 - 1112221230231?
-1112221230300
In base 8, what is 20325657 + 7?
20325666
In base 14, what is -32c25b - 60?
-32c2bb
In base 15, what is 876902 - 10?
8768e2
In base 7, what is -121436010 - -4?
-121436003
In base 12, what is -5a2 + 609?
27
In base 5, what is 4324111142 + 3?
4324111200
In base 8, what is 27403231 + -14?
27403215
In base 7, what is 126325 - -63?
126421
In base 4, what is -202 + -201102213?
-201103021
In base 14, what is -5 - 1222033?
-1222038
In base 4, what is 0 + 20130203210?
20130203210
In base 10, what is 36282 - -7368?
43650
In base 6, what is 1352433 + -544?
1351445
In base 15, what is -34 - -327e9?
327b5
In base 6, what is 1400440 + 410?
1401250
In base 7, what is 100 + -3005266?
-3005166
In base 14, what is 3 - 347116?
-347113
In base 3, what is -112102121022 + 102?
-112102120220
In base 4, what is -10022031031212 + 1?
-10022031031211
In base 5, what is -10 + 330401142132?
330401142122
In base 9, what is 4 + 33657457?
33657462
In base 3, what is 11222121012100 - -1202?
11222121021002
In base 6, what is 2522331435 + -4?
2522331431
In base 12, what is 0 + -152b997?
-152b997
In base 10, what is 26017642 + -7?
26017635
In base 2, what is 0 - -1001000000011010010000000?
1001000000011010010000000
In base 14, what is 18c - 115b38?
-11598a
In base 8, what is -333110 - -3?
-333105
In base 6, what is -53340 - 3031?
-100411
In base 5, what is 424221011341 - -2?
424221011343
In base 9, what is 101552 - 685?
100756
In base 15, what is 47 + -4a51?
-4a09
In base 5, what is -30244214300 + 4?
-30244214241
In base 8, what is 530 + -1747171?
-1746441
In base 11, what is 219760 - 12?
219749
In base 10, what is 74313 + -215?
74098
In base 12, what is a08 - bb46?
-b13a
In base 6, what is 1 - -10320205003?
10320205004
In base 13, what is 3 - 1650564?
-1650561
In base 5, what is 3222000303 + 10?
3222000313
In base 2, what is -111100001001101 + 11001110?
-111011101111111
In base 3, what is -10212221 - 11011120?
-22001111
In base 3, what is 1101 + 21121222202?
21122001010
In base 15, what is -2 - -67cb3?
67cb1
In base 10, what is 44 + 2062124?
2062168
In base 14, what is -13 + -1ac16b?
-1ac180
In base 11, what is 42 + 11146?
11188
In base 15, what is 4b - -d471a?
d4766
In base 16, what is -147e - f6?
-1574
In base 3, what is 10 - 10020110121022122?
-10020110121022112
In base 8, what is 1155 + -7150225?
-7147050
In base 3, what is 121 + 2120120100?
2120120221
In base 11, what is -10a + 19263?
19154
In base 14, what is 1a + -129c80d?
-129c7d3
In base 14, what is 139 + -2c461?
-2c326
In base 5, what is -1142222314 - -2230?
-1142220034
In base 15, what is 5ede + 7a3?
6792
In base 8, what is 116 - 2745254?
-2745136
In base 11, what is 3 + 19160aa5?
19160aa8
In base 4, what is -3 + -12323212203300?
-12323212203303
In base 9, what is -4530 + -151831?
-156461
In base 14, what is 29 + -b0aa42?
-b0aa17
In base 13, what is -4 - -3080c2?
3080bb
In base 15, what is -1e7233 - 5?
-1e7238
In base 2, what is -1011010011111110000110 - -101?
-1011010011111110000001
In base 11, what is 1650218 - 0?
1650218
In base 13, what is 4c + 2c541?
2c590
In base 9, what is 474 + -16445?
-15861
In base 15, what is -3b7 - -10?
-3a7
In base 12, what is 9b73 - 434?
973b
In base 5, what is 21031 + 333223?
404304
In base 16, what is -463f - -c0e?
-3a31
In base 11, what is 3555 + -8a52?
-54a8
In base 7, what is -5010521 + -51?
-5010602
In base 6, what is -5 + -15125405534?
-15125405543
In base 10, what is 84368 + -22?
84346
In base 13, what is -4 + 7b2c360?
7b2c359
In base 12, what is -3 + -19b474?
-19b477
In base 11, what is -19a0396 - -5?
-19a0391
In base 9, what is 731 - -2162653?
2163484
In base 16, what is -3 - efd023?
-efd026
In base 12, what is -1582ba435 + -5?
-1582ba43a
In base 3, what is -21212200022201011 + -1?
-21212200022201012
In base 5, what is 1021 + -11422024?
-11421003
In base 10, what is -211937222 + 5?
-211937217
In base 3, what is -1010100012120 + 2012?
-1010100010101
In base 11, what is 53 + -68083?
-68030
In base 4, what is 211303 + 3312303?
10130212
In base 8, what is 467 + 5540216?
5540705
In base 3, what is 101 - -21001120202?
21001121010
In base 8, what is -25 - -77142?
77115
In base 5, what is 11214410331 + -32?
11214410244
In base 4, what is 223220 + -331022?
-101202
In base 13, what is 172700 + -3?
1726ca
In base 16, what is 1 - cb7a7?
-cb7a6
In base 11, what is 331829465 - 1?
331829464
In base 5, what is -22 + -101220110?
-101220132
In base 14, what is 291d0 + 41?
29231
In base 13, what is 14 - -1729a79?
1729a90
In base 9, what is -7817 - -8851?
1033
In base 12, what is 1b5 + 10459?
10652
In base 11, what is 309 - -917?
1125
In base 6, what is -143525425 + 23?
-143525402
In base 14, what is 15b19 + 1b8?
15cd3
In base 7, what is -14563633 - -210?
-14563423
In base 5, what is 3041 + 2012232?
2020323
In base 13, what is -13b + -a167?
-a2a5
In base 16, what is 8f6 - 109a?
-7a4
In base 15, what is -54967 - d2?
-54a49
In base 2, what is -10000011101111000100111011 + -111?
-10000011101111000101000010
In base 16, what is -189 + -25bb?
-2744
In base 10, what is -385 - -25217?
24832
In base 2, what is -11110010000 - 10010100011110000100?
-10010100111100010100
In base 6, what is 0 - 413413515?
-413413515
In base 10, what is -3415020 + 0?
-3415020
In base 14, what is 3548 - -b38?
4282
In base 6, what is -105243 + 4234?
-101005
In base 12, what is 47a4 + -696?
410a
In base 4, what is 300000330011 - -3?
300000330020
In base 9, what is -6706022 - -18?
-6706003
In base 6, what is -5 + 14355533?
14355524
In base 3, what is 1111 - 2200110022110?
-2200110020222
In base 9, what is -25 - -1702427?
1702402
In base 3, what is 10200 + -12022112012?
-12022101112
In base 2, what is -1 + -110111100001001100001000?
-110111100001001100001001
In base 12, what is 2435 - -7a3?
3018
In base 15, what is -e54c6 - -831?
-e4b95
In base 11, what is a6 + 84353?
84449
In base 16, what is -2 + 8b4e56?
8b4e54
In base 16, what is -2 - 1891c4?
-1891c6
In base 3, what is -120121212200 - 11?
-120121212211
In base 3, what is 1120212202011 + -2012?
1120212122222
In base 11, what is -41973 - -547?
-41427
In base 13, what is 1758a - 57a?
17010
In base 3, what is 1000200111012010 + 10?
1000200111012020
In base 9, what is -467 + -2635442?
-2636020
In base 10, what is 37183138 + -3?
37183135
In base 2, what is -1 - 1011110000011001001100?
-1011110000011001001101
In base 15, what is c3ba5 + 26?
c3bcb
In base 7, what is 21461312 + 16?
21461331
In base 14, what is -2422d - -169?
-240a4
In base 6, what is 42344 + 123451?
210235
In base 13, what is -58a - -7b29?
756c
In base 3, what is 1210 - -21021012120?
21021021100
In base 9, what is 7556 - -13246?
21813
In base 16, what is -48 - -380979?
380931
In base 16, what is -41 + 1f29f?
1f25e
In base 16, what is 1d5a6a - -5?
1d5a6f
In base 3, what is -121 - -2122022201001?
2122022200110
In base 3, what is -1002100210001122221 - 12?
-1002100210001200010
In base 14, what is -1b7 - d5ad?
-d786
In base 4, what is -11001212311332 - -21?
-11001212311311
In base 4, what is -200223011 + -231?
-200223302
In base 9, what is -3144444 - 252?
-3144706
In base 5, what is 13134333 - -130001?
13314334
In base 11, what is -3a9210 + -5a?
-3a926a
In base 4, what is -1 - -2223300112231?
22233001